e (((-6)/(-18))/(2/(-63)))/((-3)/(-4)). Let r(y) = 6*y + 85. Give r(z).
1
Let o(i) = i + 1. Let x = 1 + 3. Let f(u) = 6 - 1 - 2 + x - u**2. Let w be f(-3). Give o(w).
-1
Suppose -1216*b = 1126*b - 11710. Let m(x) = -4*x**2 - x**3 + 7 + 2*x**3 - 5*x + 0*x. Calculate m(b).
7
Let q(c) = c**3 + 36*c**2 - 4*c - 140. Let d(h) = -h**3 - h**2 + 55*h - 29. Let v be d(7). Give q(v).
4
Let g be (-5 + -3)/(8 - (-24)/(-4)). Let m(p) = -3*p**3 + 3*p**2 - 6. Let d(b) = -8*b**3 + 9*b**2 - 17. Let a(z) = 4*d(z) - 11*m(z). Give a(g).
-18
Suppose p = 2*p + 21. Let g be (1 - 0)/((-3)/p). Let q(i) = -2302*i**2 + 542*i**2 + 5 + 1761*i**2 - 11*i. Determine q(g).
-23
Let r be (380/(-20) - -18)*1. Let q(n) = -2*n - 9. Let d = 8 + -3. Let p(s) = -s - 4. Let v(a) = d*p(a) - 2*q(a). What is v(r)?
-1
Suppose 0 = -d + 336 - 337. Let s(f) = 16*f**2 + 2*f - 1 - 27*f**2 + 12*f**2 - 4*f. What is s(d)?
2
Suppose -3*i = 3*g - 4 - 41, -5*i + 79 = 4*g. Suppose b = -16 + i. Let o(w) = -3*w + 8. Determine o(b).
-1
Let j(c) = -11 - 4547*c + 4560*c - 5. Calculate j(1).
-3
Let r(t) = -15*t - 1303*t**2 + 1304*t**2 - 81 + 75. Determine r(15).
-6
Suppose 14*a + 139 = 69. Let x be 6 - 3 - 1*-457. Let c(b) = 5*b - x + 462 + 0*b**3 + 6*b**2 + b**3. Give c(a).
2
Let j = -69299 + 69312. Let z(m) = m**2 - 18*m + 9. Let i(r) = -3*r**2 + 53*r - 26. Let g(y) = 4*i(y) + 11*z(y). Determine g(j).
8
Suppose 4*l = q - 48, 1281*l = 1279*l + 2*q - 12. Let b(f) = 2*f**2 + 34*f - 1. What is b(l)?
-85
Let d(c) = -5*c**2 - 1. Let n be 2/(-14) + (-15)/(-7). Let t be n + -3 + 4/1 + -1. Let a be (-3 + 11/3)/(t/3). Calculate d(a).
-6
Let s(p) = -4*p**2 - 4*p - 4. Let z(i) be the second derivative of i**4/12 - i**3/6 - i**2/2 + 19*i. Let x(v) = -s(v) - 5*z(v). Determine x(10).
-1
Let v(h) = h**3 - 9*h**2 - 33*h - 10. Let z be v(12). Let f(b) = -z*b**2 + 4*b**2 + 24*b**2. Calculate f(2).
8
Let o = 98 + -23. Suppose -10*c - o = -15. Let v(f) = -3*f**2 - 3*f + 6. Let i(j) = 10*j**2 + 8*j - 18. Let s(a) = -2*i(a) - 7*v(a). Give s(c).
0
Let h(w) be the second derivative of 19*w + 0*w**2 + 1/240*w**6 - 1/4*w**4 + 0 + 0*w**3 - 1/30*w**5. Let b(l) be the third derivative of h(l). What is b(6)?
14
Let r(u) = u**2 + u + 1. Suppose 3*z - 5 = -2. Let l(c) = 69*c - 204. Let i be l(3). Let k(q) = -2*q**2 + 2*q + 2. Let x(o) = i*r(o) + z*k(o). Calculate x(-5).
5
Suppose 0 = 73*f - 85*f - 48. Let b(h) = -h**3 - 3*h**2 + 30*h + 120. What is b(f)?
16
Let t(u) = 2*u**3 - u**2 - 3*u + 4. Suppose 2*m - 65 = q + 15, 0 = 4*q - 16. Let l(x) = 2*x**2 - 88*x + 171. Let z be l(m). What is t(z)?
40
Let y(h) be the second derivative of h**3 - 109*h + 1/20*h**5 + 2 + 9/2*h**2 - 2/3*h**4. What is y(7)?
2
Let g(c) = 3*c**3 + 5*c**2 + c - 4. Let u(s) be the third derivative of s**6/120 - s**5/60 - s**3/6 - 5*s**2. Let t(h) = g(h) - 2*u(h). Calculate t(-7).
-9
Let u(j) = -35 + 3*j**2 - 45*j + 10*j**2 - 149 - 11*j**2. Give u(26).
-2
Let j(i) = -i**2 - 2*i + 11. Suppose 0 = -3*o - 272 + 239. Let c(t) = -t**2 - t + 6. Let a(h) = o*c(h) + 6*j(h). What is a(-1)?
6
Let q(c) = 11*c - 2 - 39 - 6 - 16*c - 7*c. Give q(-5).
13
Let s(w) = 5*w**2 - 10*w + 2. Let y(d) = -14*d**2 + 29*d - 6. Let h(p) = 17*s(p) + 6*y(p). Suppose 19665*a - 19684*a = 95. Give h(a).
3
Suppose -h = -4*m - 12, -5*m - 45*h + 39*h - 15 = 0. Let g(f) = 6*f + 5. Determine g(m).
-13
Let w(v) = v - 60. Let z be -2 + 9 + (-92)/(-28) + 24/(-84). Give w(z).
-50
Let y = 211 - 209. Let w(s) = -8 + 7 + 9*s + 0*s + 2*s. Determine w(y).
21
Let b(c) = -c**2 + 9*c - 8. Let k = 429 + -345. Suppose -20*r + k = -6*r. Calculate b(r).
10
Suppose 246 + 282 = -2*c - 46*c. Let r(a) = 16*a + 6. Determine r(c).
-170
Let o(z) be the second derivative of z**5/20 + 11*z**4/12 - 13*z**3/6 - 9*z**2/2 + 33*z. Let t be o(-12). Let v(b) = -b**3 - b**2 + 5*b - 2. Determine v(t).
-23
Let s(z) = -1055*z**2 + 3*z + 3. Let w(h) = 703*h**2 - 2*h - 2. Let x(b) = -2*s(b) - 3*w(b). Suppose -5*k - 8 = -k. Let f = k - -4. Determine x(f).
4
Let j be -2 + 4 + (2*-18)/3. Let w(l) = -l - 12. Let n(i) = i + 7. Let f(a) = j*n(a) - 6*w(a). Determine f(1).
-2
Let d(k) = 6*k**2 + k - 2. Suppose -3*l - 5*w = -12, 0 + 4 = l - 2*w. Suppose 0 = 2*t + 2*a + 12, -2*t + 2*a + l = -0. Determine d(t).
20
Let t(m) = 2*m**3 + 3*m**2 - 5*m + 4. Suppose -58*n + 232 = -4*n + 448. Calculate t(n).
-56
Let i(d) be the first derivative of 2/3*d**3 + 7/2*d**2 - 2*d - 45. Determine i(-5).
13
Let i(o) be the first derivative of 5*o**4/4 - o**3/3 - o**2/2 + 2*o - 616. Give i(-2).
-40
Let h(u) be the second derivative of u**4/12 - u**3 - 19*u**2/2 - 869*u. Calculate h(7).
-12
Let t be (52/(-30) + (-8)/(-20))/(14/21). Let n(g) = -g**3 - 3*g**2 + 2*g + 12. Give n(t).
4
Suppose 20*g + 24 = -9*g + 5*g. Let y(a) = -2*a**2 + 6*a + 6. Determine y(g).
-2
Let q(x) = x - 3*x + 0*x - 4*x + 59 + 0*x. What is q(8)?
11
Let h = -8552 + 8557. Let a(w) = 2*w**2 - 5*w + 2. Determine a(h).
27
Let q(z) be the first derivative of z + 1/2*z**2 + 49. Give q(-5).
-4
Let v = 45 + -39. Suppose -11*x + v*x = -15. Let l(q) = q**2 - 3*q + 1. Let c(p) = p**2 - 4*p + 1. Let d(n) = 3*c(n) - 4*l(n). Give d(x).
-10
Let z = 161 - 158. Let s(x) = 7*x - 1 - 9*x - x**z - x**2 - 4*x**3. What is s(-1)?
5
Let f be ((-63)/(-180)*5)/((-1)/(-8)). Suppose 104 + 22 = -f*t. Let g(n) = n**2 + 10*n + 13. Calculate g(t).
4
Let k(h) be the first derivative of -h**7/840 + 7*h**6/360 + h**5/120 + h**4/6 - h**3/3 + 11*h + 8. Let a(s) be the third derivative of k(s). Calculate a(7).
11
Let j(o) = -11*o - 16*o - 35 + 3*o - o + 49. Determine j(1).
-11
Let i(m) = 4*m**2 + 22*m + 43. Let k(j) = -7*j**2 - 41*j - 88. Let y(n) = -5*i(n) - 3*k(n). What is y(-8)?
9
Let v(u) = -u + 16. Let c be 26/8 - 9/(-12). Let q be c/((5 - 7)/(-8)). What is v(q)?
0
Suppose 0 = -5*l - 55 + 20. Let o(f) be the third derivative of f**6/120 + 7*f**5/60 - f**4/8 + 10*f**2. Calculate o(l).
21
Let j(y) = -2*y**2 - 8*y + 2. Let t = -3159 + 3155. Calculate j(t).
2
Let o(c) = 5*c**2 + 13*c + 3. Let i(r) = -r**3 - r**2 + 43*r - 3. Let h be i(6). Let a(j) = -4*j**2 - 11*j - 4. Let x(q) = h*o(q) + 4*a(q). What is x(-6)?
-13
Suppose 44 - 128 = 3*x. Suppose 22*k - 23*k = -26. Let s = k + x. Let w(g) = g**2 + 3*g + 1. Determine w(s).
-1
Let k be ((-42)/15)/((-5)/350). Let d = 195 - k. Let g(v) = 18*v**2 + 1. Calculate g(d).
19
Let l(o) = 8*o - 24. Let v be 680/(-120) + (-5)/3 + (-5)/(-15). Give l(v).
-80
Suppose -5*s + 34 = 2*u, u = 2*u + 3. Suppose -126 = 322*q - 336*q. Let f(k) = -6 - q - 2*k + 21 - s. What is f(-6)?
10
Let v(b) be the third derivative of -b**4/6 + 13*b**3/6 + 921*b**2. Suppose 0 = -5*p + 6*p - 10. What is v(p)?
-27
Suppose -2*g = -8 - 12. Suppose -2 + 4 = r, 3*i = -4*r - g. Let z(t) = -3*t + 22. Let u(s) = 10*s - 74. Let x(q) = 2*u(q) + 7*z(q). Give x(i).
12
Let b(d) be the third derivative of d**5/120 + 5*d**4/8 - 19*d**3/3 + 2*d**2 - 13. Let s(u) be the first derivative of b(u). Determine s(-10).
5
Let n(b) = -24*b - 354. Let y(u) = 21*u + 345. Let v(c) = 4*n(c) + 5*y(c). Give v(-35).
-6
Let k(a) = -4*a**3 - 48*a**2 + 52*a - 3. Let z be k(-13). Let y(h) = -4*h**2 - 5*h - 4. Calculate y(z).
-25
Let x(t) be the second derivative of -t**4/12 - t**3 + t**2 - 6*t. Let f = -63 + 66. Suppose 0 = 4*m + f*m + 49. Determine x(m).
-5
Let u(p) = -3*p + 9. Suppose 0 = w + 55 - 62. Suppose o - 22 = -4*s, -3*o - 40 = -w*o - 4*s. Determine u(o).
-9
Suppose -1524*y + 621*y = 1190*y + 12558. Let o(j) = j**2 + j**2 - 3*j**2 + 5 - 2*j. What is o(y)?
-19
Let i(t) = t**2 - 37*t - 377. Let y be i(45). Let j(n) = -3*n - 38. Calculate j(y).
13
Let b(t) be the third derivative of 1/12*t**4 + 7/3*t**3 + 118*t**2 + 0*t + 0. Determine b(-7).
0
Let b(l) be the third derivative of -l**6/120 - l**5/4 + 19*l**4/24 + 23*l**3/3 - 1263*l**2. Determine b(-16).
-2
Let a(m) be the first derivative of m**3/3 + 11*m**2/2 + 12*m - 35. Suppose 5*b - 5 = -0. Let l be b*(-3 + -2)*9/5. What is a(l)?
-6
Let r(t) = 2*t**3 + 3*t**3 - 3*t**3 - 41 - 80*t**2 + 4*t - 3*t. Give r(40).
-1
Let x(f) = -f**3 + 19*f**2 - 18*f + 14. Let b be x(18). Let z(l) = 13 - l - b - 2*l + 4*l. Give z(1).
0
Suppose -77*s = 53 - 207. Let b(r) be the first derivative of -r + s*r**2 + 24 - 1/3*r**3. Determine b(3).
2
Let m(n) = n**3 + 6*n**2 - 12*n - 10. Let s(l) = -19 + 3*l**2 - 16*l**2 + 21*l**2 